{"version":"1.0","provider_name":"likemetkovic.hr","provider_url":"https:\/\/likemetkovic.hr\/portal","author_name":"K. J.","author_url":"https:\/\/likemetkovic.hr\/portal\/author\/likemetkovic\/","title":"Oblje\u017eena 28. obljetnica ustrojavanja 116. Neretvanske brigade - likemetkovic.hr","type":"rich","width":600,"height":338,"html":"<blockquote class=\"wp-embedded-content\" data-secret=\"3AVGbYJcGl\"><a href=\"https:\/\/likemetkovic.hr\/portal\/obljezena-28-obljetnica-ustrojavanja-116-neretvanske-brigade\/\">Oblje\u017eena 28. obljetnica ustrojavanja 116. Neretvanske brigade<\/a><\/blockquote><iframe sandbox=\"allow-scripts\" security=\"restricted\" src=\"https:\/\/likemetkovic.hr\/portal\/obljezena-28-obljetnica-ustrojavanja-116-neretvanske-brigade\/embed\/#?secret=3AVGbYJcGl\" width=\"600\" height=\"338\" title=\"&#8220;Oblje\u017eena 28. obljetnica ustrojavanja 116. Neretvanske brigade&#8221; &#8212; likemetkovic.hr\" data-secret=\"3AVGbYJcGl\" frameborder=\"0\" marginwidth=\"0\" marginheight=\"0\" scrolling=\"no\" class=\"wp-embedded-content\"><\/iframe><script type=\"text\/javascript\">\n\/* <![CDATA[ *\/\n\/*! This file is auto-generated *\/\n!function(d,l){\"use strict\";l.querySelector&&d.addEventListener&&\"undefined\"!=typeof URL&&(d.wp=d.wp||{},d.wp.receiveEmbedMessage||(d.wp.receiveEmbedMessage=function(e){var t=e.data;if((t||t.secret||t.message||t.value)&&!\/[^a-zA-Z0-9]\/.test(t.secret)){for(var s,r,n,a=l.querySelectorAll('iframe[data-secret=\"'+t.secret+'\"]'),o=l.querySelectorAll('blockquote[data-secret=\"'+t.secret+'\"]'),c=new RegExp(\"^https?:$\",\"i\"),i=0;i<o.length;i++)o[i].style.display=\"none\";for(i=0;i<a.length;i++)s=a[i],e.source===s.contentWindow&&(s.removeAttribute(\"style\"),\"height\"===t.message?(1e3<(r=parseInt(t.value,10))?r=1e3:~~r<200&&(r=200),s.height=r):\"link\"===t.message&&(r=new URL(s.getAttribute(\"src\")),n=new URL(t.value),c.test(n.protocol))&&n.host===r.host&&l.activeElement===s&&(d.top.location.href=t.value))}},d.addEventListener(\"message\",d.wp.receiveEmbedMessage,!1),l.addEventListener(\"DOMContentLoaded\",function(){for(var e,t,s=l.querySelectorAll(\"iframe.wp-embedded-content\"),r=0;r<s.length;r++)(t=(e=s[r]).getAttribute(\"data-secret\"))||(t=Math.random().toString(36).substring(2,12),e.src+=\"#?secret=\"+t,e.setAttribute(\"data-secret\",t)),e.contentWindow.postMessage({message:\"ready\",secret:t},\"*\")},!1)))}(window,document);\n\/* ]]> *\/\n<\/script>\n","thumbnail_url":"https:\/\/likemetkovic.hr\/wp-content\/uploads\/2019\/11\/PSX_20191123_101932.jpg","thumbnail_width":800,"thumbnail_height":533,"description":"Jutros je kod Spomenika braniteljima na Velikoj rivi u Metkovi\u0107u bilo molitva odrje\u0161enja za poginule hrvatske branitelje koji su bili pripadnici 116. brigade HV-a povodom obilje\u017eavanja 28. obljetnice ustroja brigade. Molitvu je predvodio \u017eupnik fra Ante Bilokapi\u0107. Tome je prethodio pozdrav Domovini. Himnu je izvela Gradska glazba. Nakon toga su \u010dlanovi obitelji pokojnih branitelja, suborci, [&hellip;]"}

Oblježena 28. obljetnica ustrojavanja 116. Neretvanske brigade - likemetkovic.hr

<blockquote class="wp-embedded-content" data-secret="3AVGbYJcGl"><a href="https://likemetkovic.hr/portal/obljezena-28-obljetnica-ustrojavanja-116-neretvanske-brigade/">Oblježena 28. obljetnica ustrojavanja 116. Neretvanske brigade</a></blockquote><iframe sandbox="allow-scripts" security="restricted" src="https://likemetkovic.hr/portal/obljezena-28-obljetnica-ustrojavanja-116-neretvanske-brigade/embed/#?secret=3AVGbYJcGl" width="600" height="338" title="&#8220;Oblježena 28. obljetnica ustrojavanja 116. Neretvanske brigade&#8221; &#8212; likemetkovic.hr" data-secret="3AVGbYJcGl" frameborder="0" marginwidth="0" marginheight="0" scrolling="no" class="wp-embedded-content"></iframe><script type="text/javascript">
/* <![CDATA[ */
/*! This file is auto-generated */
!function(d,l){"use strict";l.querySelector&&d.addEventListener&&"undefined"!=typeof URL&&(d.wp=d.wp||{},d.wp.receiveEmbedMessage||(d.wp.receiveEmbedMessage=function(e){var t=e.data;if((t||t.secret||t.message||t.value)&&!/[^a-zA-Z0-9]/.test(t.secret)){for(var s,r,n,a=l.querySelectorAll('iframe[data-secret="'+t.secret+'"]'),o=l.querySelectorAll('blockquote[data-secret="'+t.secret+'"]'),c=new RegExp("^https?:$","i"),i=0;i<o.length;i++)o[i].style.display="none";for(i=0;i<a.length;i++)s=a[i],e.source===s.contentWindow&&(s.removeAttribute("style"),"height"===t.message?(1e3<(r=parseInt(t.value,10))?r=1e3:~~r<200&&(r=200),s.height=r):"link"===t.message&&(r=new URL(s.getAttribute("src")),n=new URL(t.value),c.test(n.protocol))&&n.host===r.host&&l.activeElement===s&&(d.top.location.href=t.value))}},d.addEventListener("message",d.wp.receiveEmbedMessage,!1),l.addEventListener("DOMContentLoaded",function(){for(var e,t,s=l.querySelectorAll("iframe.wp-embedded-content"),r=0;r<s.length;r++)(t=(e=s[r]).getAttribute("data-secret"))||(t=Math.random().toString(36).substring(2,12),e.src+="#?secret="+t,e.setAttribute("data-secret",t)),e.contentWindow.postMessage({message:"ready",secret:t},"*")},!1)))}(window,document);
/* ]]> */
</script>

Jutros je kod Spomenika braniteljima na Velikoj rivi u Metkoviću bilo molitva odrješenja za poginule hrvatske branitelje koji su bili pripadnici 116. brigade HV-a povodom obilježavanja 28. obljetnice ustroja brigade. Molitvu je predvodio župnik fra Ante Bilokapić. Tome je prethodio pozdrav Domovini. Himnu je izvela Gradska glazba. Nakon toga su članovi obitelji pokojnih branitelja, suborci, [&hellip;]
